t a be f(-2). What are the prime factors of (-3861)/a + (-6)/(-12)?
2, 7, 23
Suppose -3*w + 119590 = k, 2*w - 2*k - 199302 = -3*w. List the prime factors of w.
2, 19, 1049
Suppose -94352 + 17562 = -10*z. List the prime factors of z.
7, 1097
Let c(b) = -b**3 - 10*b**2 + b + 10. Let t be c(-10). Suppose 0 = -2*v - 2*y + 12, 4*v = y - 4 + 33. Suppose t = -4*x + v + 181. List the prime factors of x.
47
Let f(u) = -68*u**2 - 6*u - 14. Suppose 2*o + 1 = 3*z + 6, -5*o - 10 = 0. Let m be f(z). Let k = m + 854. What are the prime factors of k?
2, 3, 41
Suppose -2*u + 0*u + 10 = 0. Suppose 0 = -14*x + 22*x - 200. Suppose -y + 5*c = y - 461, x = u*c. What are the prime factors of y?
3
Let a(b) = 2*b**3 - 2*b**2 + 59*b + 12750. What are the prime factors of a(0)?
2, 3, 5, 17
Suppose 2*l = 20*o - 21*o + 1, -14 = -3*l + o. Suppose 2*y = -0*y + 3*h + 107, 0 = 5*y - l*h - 245. List the prime factors of y.
2, 23
Suppose -1598 = -5*r + 2332. Let j be (r/3)/1 + 4. Suppose -j = -2*t - 2*d, 3*t + 2*t - 3*d = 681. What are the prime factors of t?
3, 5
Let l = 501 - 2151. Let w = l - -3014. List the prime factors of w.
2, 11, 31
Suppose j - 5543 = i, -4*j - 2*i = -17985 - 4193. List the prime factors of j.
2, 3, 7, 11
Let r = -6 + 8. Let f be ((0 - 109) + -2)*(-8)/6. Suppose 0 = r*o + 2*o - f. List the prime factors of o.
37
Suppose -2285 = -10*z + 65805. What are the prime factors of z?
11, 619
Let v(n) = n**2 - 8*n - 56. Let m be v(14). Suppose 9*k = m*k - 4427. List the prime factors of k.
233
Suppose -4*c - 22077 + 4769 = -4*b, 0 = 4*b - 3*c - 17314. What are the prime factors of b?
7, 619
Suppose -44877 = -9*r + 8439. What are the prime factors of r?
2, 1481
Let a be -1 - 28*2/((-32)/12). Suppose -16*q + 13*q - 12 = 0. List the prime factors of -112*18/(-20) - q/a.
101
Let d(r) = r**3 + 109*r**2 - 130*r - 441. What are the prime factors of d(-109)?
13729
Suppose 4*m + 4*v = -280, 5*m - v = -476 + 156. Let i = 137 + m. What are the prime factors of i?
2, 3
Let u(m) be the second derivative of m**5/20 - 19*m**4/12 + 2*m**3 + 12*m**2 - 41*m - 2. List the prime factors of u(19).
2, 3, 7
Let b = 9695 + -1508. What are the prime factors of b?
3, 2729
Suppose -6 = 5*y + 3*i - 28, 5*i = -5. Suppose -y*t = -4*p + 716, 4*p + t = 5*t + 716. List the prime factors of p.
179
Let z(n) = 23*n**2 + 130*n + 4697. List the prime factors of z(-37).
2, 3, 7, 83
What are the prime factors of (-194850)/(-34) - 12/255*350/(-140)?
11, 521
Suppose 5*a + 4*t = 3565, -5*a - 94*t = -89*t - 3570. What are the prime factors of a?
709
Suppose 15955 - 168901 = -18*o. What are the prime factors of o?
29, 293
Suppose 174*o = 272*o - 988820. List the prime factors of o.
2, 5, 1009
Let r = 1617 - -2978. List the prime factors of r.
5, 919
Suppose 454*s + 54513 = 463*s. Suppose s = 5*m + 3*k, -2*k - k = 3. What are the prime factors of m?
2, 3, 101
Let s(z) = -z**2 - 21*z + 31. Let m be s(-23). What are the prime factors of 48/(-120) + -3 + (-23136)/m?
3, 19
Let c be (2/(-8))/((-5 + -3)/32). What are the prime factors of 9/(-9)*(-76)/c?
2, 19
Suppose -2646*v = -2647*v + 86. Suppose 3*j = 3*p - 1353, 2*p - 812 = j + v. List the prime factors of p.
3, 149
Let o(j) = j + 55. Let f(l) = -53. Let t(w) = 3*f(w) + 2*o(w). Let q be t(-8). Let a = q + 210. List the prime factors of a.
5, 29
What are the prime factors of 9/((-27)/(-4290)) - 3*16/24?
2, 3, 7, 17
Suppose 2*q + 5*d - 109 = -2*q, 4 = -q + 5*d. Suppose -6 = -23*c + q*c. Suppose -3*w + 338 = c*v + w, 5*w = -5*v + 570. What are the prime factors of v?
2, 59
Suppose p - 15 = -0*p - 3*f, 4*p + 2*f - 10 = 0. Suppose 4*o + o - 35 = p. Suppose -72 = 5*j - o*j. What are the prime factors of j?
2, 3
Let z = -5 - -141. Suppose y = 14*y + 4745. What are the prime factors of 2/(-8)*y - 34/z?
7, 13
Let j(q) = -10*q + 234. Let m be j(23). Suppose -1516 = -2*y + m*z + 1668, -3*z = 2*y - 3163. List the prime factors of y.
2, 13, 61
Suppose -15*m - 36254 = -175619 - 38775. What are the prime factors of m?
2, 2969
Let v(f) = 15*f**3 - 2*f**2 - 2*f + 7. Let h be v(2). Let j = 9 + h. List the prime factors of j.
2, 31
Let u(d) be the third derivative of -d**5/60 - d**4/6 - d**3/6 + d**2. Let c be u(-2). Let t(s) = 65*s - 16. List the prime factors of t(c).
179
Let h(z) be the third derivative of 17*z**4/24 - 3*z**3 - z**2. Suppose 14*q = 18*q + 5*i - 42, 3*q - 26 = -i. What are the prime factors of h(q)?
2, 59
Let v(d) = 2175*d**3 - 15*d**2 + 27*d + 34. List the prime factors of v(3).
5, 59, 199
Let k = -6060 + 6802. What are the prime factors of k?
2, 7, 53
Let w(n) = -35*n**2 + 3*n - 1. Let p be w(2). Let c be ((-12)/10)/((-18)/p). Let v(h) = -h**3 - 10*h**2 - 13*h - 1. What are the prime factors of v(c)?
5, 7
Suppose 0 = 5*r - 44 + 29. Suppose o - 56 = r*y, -1 = 3*y - 7. What are the prime factors of o?
2, 31
Let w(m) = -3*m**2 - 8*m + 7. Let x be w(-3). Suppose n - 3*n + c - 5 = 0, x*n - 5*c = -7. List the prime factors of (1/(-2))/(((-9)/n)/(-1116)).
2, 3, 31
Let p be (12/2)/(-3) + 5. Suppose -2*b - 4*i = p + 1, b = -i. List the prime factors of (b - 215/10)*-2.
3, 13
List the prime factors of 28 - -22420 - (30 - 14).
2, 701
Let q(w) = 2629*w - 8122. What are the prime factors of q(30)?
2, 23, 769
Let m(g) = -g. Let i(x) = 125*x**2 - x. Let b(n) = 2*i(n) + 6*m(n). What are the prime factors of b(-1)?
2, 3, 43
Let a = 210 - 210. Suppose -29*i + 22*i + 4501 = a. What are the prime factors of i?
643
Suppose -3*j - 3*s + 1566 = 0, s = 2*j + 4*s - 1049. Let g = j + -189. What are the prime factors of g?
2, 41
Suppose 704 = 7*x - 787. Let s = x + -149. List the prime factors of s.
2
What are the prime factors of (-1)/(7 - 5)*(2 - 0)*-13249?
13249
Suppose -3*i = -2*t - 19231, 150*i - 151*i - 5*t + 6433 = 0. List the prime factors of i.
11, 53
Suppose 0 = 3*n - 7157 - 11149. List the prime factors of n.
2, 3, 113
Let o be (-1)/(-7) + (-3456)/(-63) + -8. Let n(p) = 85*p**3 - p**2. Let w be n(1). Let m = o + w. List the prime factors of m.
131
Let n be ((-4)/(-8))/(1/(-36)). Let v(x) be the second derivative of -x**5/20 - 17*x**4/12 + 13*x**3/6 + 7*x**2 + 368*x. List the prime factors of v(n).
2, 13
Let d(w) = 3356*w**2 - 173*w - 174. What are the prime factors of d(-1)?
5, 11, 61
Suppose 3*a - 51*u - 22644 = -48*u, 5*u = -5. What are the prime factors of a?
7547
What are the prime factors of ((-20)/(-90))/((-14)/(-279027))?
43, 103
Let k = -38 - -18. Let m(s) = -6*s + 24. List the prime factors of m(k).
2, 3
Suppose 2*b = 2*u - 2, b + 4 = 2*u + 1. Let p be (b + -6)*(-3)/6*2. Suppose 2*a = -2*m + 144, -p*m + 134 = 2*a - m. What are the prime factors of a?
7, 11
Let x = 24 - -17. Suppose -91 = 5*v - x. List the prime factors of (6 + v)*(-25)/4.
5
Let j be 1*(153 - (-2 + 0)). Suppose -2*i - 5 - j = 0. Let t = -76 - i. What are the prime factors of t?
2
Let b(m) = 43*m**3 - 254*m**2 - 3*m + 24. List the prime factors of b(14).
2, 3, 5, 2273
Let r(q) = -50*q + 8. Let v(n) = -249*n + 39. Let j(h) = 11*r(h) - 2*v(h). Let d be j(-2). What are the prime factors of (d/8)/((-18)/(-48))?
2, 19
Let n(i) = 103*i + 167. Let c be n(-17). Let q = -994 - c. What are the prime factors of q?
2, 5, 59
Let j(p) = -173*p + 8. Let q(h) = -87*h + 4. Let z(f) = -6*j(f) + 11*q(f). Let t be -3 - (175/70)/((-2)/4). List the prime factors of z(t).
2, 79
Suppose 2*r - 25320 = 12*r. Let v = -1614 - r. What are the prime factors of v?
2, 3, 17
Let p(v) = 2*v**3 - 4*v**2 + 4*v + 3. Let c(g) = -3*g**3 + 4*g**2 - 5*g - 3. Let d = 47 + -42. Let o(m) = d*c(m) + 6*p(m). What are the prime factors of o(-2)?
13
Suppose -32 = 44*b - 52*b. Suppose -h - 544 = -4*z + b*h, -2*h = z - 149. What are the prime factors of z?
3, 47
Suppose 15*l = 10*l + 930. Suppose 20*o = 14*o + l. Let y = o - -46. What are the prime factors of y?
7, 11
Suppose -3*k - 2*z = -5, 2*k = 4*k + 4*z - 14. Let y be 12/(0 + 4) - k. Suppose -5*r + 3*r + 166 = -y*n, -182 = -2*r - 4*n. List the prime factors of r.
3, 29
Let p(r) = 3*r**2 + 51*r + 11935. What are the prime factors of p(0)?
5, 7, 11, 31
Suppose -12*a - 14*a + 683587 = 53*a. What are the prime factors of a?
17, 509
List the prime factors of 11331/(1/((7 - 1) + -3)).
3, 1259
Let f(l) be the third derivative of 2*l**5/3 - 47*l**3/6 + 3*l**2 + 56*l. List the prime factors of f(-5